{"id":380,"date":"2020-06-01T23:04:52","date_gmt":"2020-06-01T21:04:52","guid":{"rendered":"http:\/\/serwer2094013.home.pl\/autoinstalator\/wordpresswoocommerce\/?page_id=380"},"modified":"2022-05-20T20:20:30","modified_gmt":"2022-05-20T18:20:30","slug":"regulamin","status":"publish","type":"page","link":"https:\/\/naszemundurki.pl\/?page_id=380","title":{"rendered":"Regulamin"},"content":{"rendered":"\n<p style=\"font-size:28px\" class=\"has-text-align-center\"><strong>Regulamin sklepu internetowego<\/strong><br><strong>Nasze Mundurki<\/strong><\/p>\n\n\n\n<p>1. Zamawianie mundurk\u00f3w odbywa si\u0119 tylko przez sklep internetowy.<\/p>\n\n\n\n<p>2. Zam\u00f3wienie b\u0119dzie zrealizowane w terminie minimum 21 dni roboczych od daty przelewu bankowego ( dokonania zap\u0142aty za zam\u00f3wione rzeczy ), o wszelkich zmianach w dostawie zostaniecie Pa\u0144stwo poinformowani mailem.<\/p>\n\n\n\n<p>3. Zam\u00f3wienie nie b\u0119dzie zrealizowane je\u015bli nie b\u0119dzie dokonana wp\u0142ata.<\/p>\n\n\n\n<p>4. Dost\u0119pne s\u0105 spodnie poza standardowym rozmiarem dziecka(regular fit), czyli szerszy rozmiar(plus fit) oraz w\u0119\u017cszy rozmiar(slim fit).<\/p>\n\n\n\n<p>5. Uzupe\u0142nianie mundurk\u00f3w szkolnych jest dost\u0119pne przez ca\u0142y rok ( nie ma konieczno\u015bci zamawiania kilku par r\u00f3wnocze\u015bnie), czas oczekiwania w trakcie roku szkolnego b\u0119dzie wyd\u0142u\u017cony.<\/p>\n\n\n\n<p>6. Prosz\u0119 o przemy\u015blane zakupy dotycz\u0105ce wzrostu dziecka, poniewa\u017c zwroty i wymiany nie s\u0105 mo\u017cliwe.<\/p>\n\n\n\n<p><strong>\u017byczymy udanych zakup\u00f3w<\/strong><\/p>\n","protected":false},"excerpt":{"rendered":"<p>Regulamin sklepu internetowegoNasze Mundurki 1. Zamawianie mundurk\u00f3w odbywa si\u0119 tylko przez sklep internetowy. 2. Zam\u00f3wienie b\u0119dzie zrealizowane w terminie minimum 21 dni roboczych od daty przelewu bankowego ( dokonania zap\u0142aty za zam\u00f3wione rzeczy ), o wszelkich zmianach w dostawie zostaniecie Pa\u0144stwo poinformowani mailem. 3. Zam\u00f3wienie nie b\u0119dzie zrealizowane je\u015bli nie b\u0119dzie dokonana wp\u0142ata. 4. Dost\u0119pne [&hellip;]<\/p>\n","protected":false},"author":1,"featured_media":0,"parent":0,"menu_order":0,"comment_status":"closed","ping_status":"closed","template":"","meta":{"footnotes":""},"class_list":["post-380","page","type-page","status-publish","hentry"],"_links":{"self":[{"href":"https:\/\/naszemundurki.pl\/index.php?rest_route=\/wp\/v2\/pages\/380","targetHints":{"allow":["GET"]}}],"collection":[{"href":"https:\/\/naszemundurki.pl\/index.php?rest_route=\/wp\/v2\/pages"}],"about":[{"href":"https:\/\/naszemundurki.pl\/index.php?rest_route=\/wp\/v2\/types\/page"}],"author":[{"embeddable":true,"href":"https:\/\/naszemundurki.pl\/index.php?rest_route=\/wp\/v2\/users\/1"}],"replies":[{"embeddable":true,"href":"https:\/\/naszemundurki.pl\/index.php?rest_route=%2Fwp%2Fv2%2Fcomments&post=380"}],"version-history":[{"count":3,"href":"https:\/\/naszemundurki.pl\/index.php?rest_route=\/wp\/v2\/pages\/380\/revisions"}],"predecessor-version":[{"id":899,"href":"https:\/\/naszemundurki.pl\/index.php?rest_route=\/wp\/v2\/pages\/380\/revisions\/899"}],"wp:attachment":[{"href":"https:\/\/naszemundurki.pl\/index.php?rest_route=%2Fwp%2Fv2%2Fmedia&parent=380"}],"curies":[{"name":"wp","href":"https:\/\/api.w.org\/{rel}","templated":true}]}}