{"id":65,"date":"2020-05-23T23:15:01","date_gmt":"2020-05-23T21:15:01","guid":{"rendered":"http:\/\/serwer2094013.home.pl\/autoinstalator\/wordpresswoocommerce\/?product=import-placeholder-for-98"},"modified":"2022-05-19T12:31:26","modified_gmt":"2022-05-19T10:31:26","slug":"biala-koszula-galowa-dziewczeca","status":"publish","type":"product","link":"https:\/\/naszemundurki.pl\/?product=biala-koszula-galowa-dziewczeca","title":{"rendered":"Bia\u0142a Koszula galowa dziewcz\u0119ca"},"content":{"rendered":"<p>Bia\u0142a Koszula galowa dziewcz\u0119ca<\/p>\n","protected":false},"excerpt":{"rendered":"<p>Bia\u0142a Koszula galowa dziewcz\u0119ca<\/p>\n","protected":false},"featured_media":223,"template":"","meta":[],"product_brand":[],"product_cat":[31,51],"product_tag":[],"class_list":{"0":"post-65","1":"product","2":"type-product","3":"status-publish","4":"has-post-thumbnail","6":"product_cat-dziewczynka","7":"product_cat-dziewczyna-klasy-7-8","9":"first","10":"instock","11":"shipping-taxable","12":"purchasable","13":"product-type-variable"},"_links":{"self":[{"href":"https:\/\/naszemundurki.pl\/index.php?rest_route=\/wp\/v2\/product\/65","targetHints":{"allow":["GET"]}}],"collection":[{"href":"https:\/\/naszemundurki.pl\/index.php?rest_route=\/wp\/v2\/product"}],"about":[{"href":"https:\/\/naszemundurki.pl\/index.php?rest_route=\/wp\/v2\/types\/product"}],"wp:featuredmedia":[{"embeddable":true,"href":"https:\/\/naszemundurki.pl\/index.php?rest_route=\/wp\/v2\/media\/223"}],"wp:attachment":[{"href":"https:\/\/naszemundurki.pl\/index.php?rest_route=%2Fwp%2Fv2%2Fmedia&parent=65"}],"wp:term":[{"taxonomy":"product_brand","embeddable":true,"href":"https:\/\/naszemundurki.pl\/index.php?rest_route=%2Fwp%2Fv2%2Fproduct_brand&post=65"},{"taxonomy":"product_cat","embeddable":true,"href":"https:\/\/naszemundurki.pl\/index.php?rest_route=%2Fwp%2Fv2%2Fproduct_cat&post=65"},{"taxonomy":"product_tag","embeddable":true,"href":"https:\/\/naszemundurki.pl\/index.php?rest_route=%2Fwp%2Fv2%2Fproduct_tag&post=65"}],"curies":[{"name":"wp","href":"https:\/\/api.w.org\/{rel}","templated":true}]}}